{"id":1176,"date":"2016-04-01T13:06:07","date_gmt":"2016-04-01T11:06:07","guid":{"rendered":"http:\/\/wp.imithemes.com\/gaea-pb\/?page_id=1176"},"modified":"2018-04-11T12:14:37","modified_gmt":"2018-04-11T10:14:37","slug":"blog-ne","status":"publish","type":"page","link":"https:\/\/naturemwelt-nordstad.lu\/index.php\/blog-ne\/","title":{"rendered":"Blog"},"content":{"rendered":"<div id=\"pl-1176\"  class=\"panel-layout\" ><div id=\"pg-1176-0\"  class=\"panel-grid panel-has-style\" ><div class=\"siteorigin-panels-stretch panel-row-style panel-row-style-for-1176-0\" data-stretch-type=\"full\" ><div id=\"pgc-1176-0-0\"  class=\"panel-grid-cell\" ><div id=\"panel-1176-0-0-0\" class=\"so-panel widget widget_posts-list-widget panel-first-child panel-last-child\" data-index=\"0\" ><div\n\t\t\t\n\t\t\tclass=\"so-widget-posts-list-widget so-widget-posts-list-widget-base\"\n\t\t\t\n\t\t><div class=\"row\">\n<ul class=\"isotope-grid posts-grid\">\n<li class=\"grid-item col-md-4 col-sm-6 post format-standard\"><div class=\"grid-item-inner\">\n\t<div class=\"grid-content\">\n\t\t<h3 class=\"post-title\"><a href=\"https:\/\/naturemwelt-nordstad.lu\/index.php\/2018\/09\/30\/eurobirdwatch-18\/\">EuroBirdwatch 18<\/a><\/h3>\n\t\t<div class=\"meta-data\">Posted by <a href=\"https:\/\/naturemwelt-nordstad.lu\/index.php\/author\/tanja\/\">Tanja Lanners<\/a> on 30. September 2018<\/div>\t\t<p class=\"post-excerpt\"><\/p>          \t<\/div>\n<\/div>\n<\/li>\n<li class=\"grid-item col-md-4 col-sm-6 post format-standard\"><div class=\"grid-item-inner\">\n\t<div class=\"grid-content\">\n\t\t<h3 class=\"post-title\"><a href=\"https:\/\/naturemwelt-nordstad.lu\/index.php\/2018\/09\/30\/birdwatchday-2018\/\">Birdwatchday 2018<\/a><\/h3>\n\t\t<div class=\"meta-data\">Posted by <a href=\"https:\/\/naturemwelt-nordstad.lu\/index.php\/author\/tanja\/\">Tanja Lanners<\/a> on 30. September 2018<\/div>\t\t<p class=\"post-excerpt\"><p>Familljefest am Biodiversum Remerschen &#8211; 06. Oktober 2018 um 10 Auer<\/p>\n<\/p>          \t<\/div>\n<\/div>\n<\/li>\n<li class=\"grid-item col-md-4 col-sm-6 post format-standard\"><div class=\"grid-item-inner\">\n\t<div class=\"grid-content\">\n\t\t<h3 class=\"post-title\"><a href=\"https:\/\/naturemwelt-nordstad.lu\/index.php\/2018\/09\/30\/chantiers-nature\/\">Chantiers Nature<\/a><\/h3>\n\t\t<div class=\"meta-data\">Posted by <a href=\"https:\/\/naturemwelt-nordstad.lu\/index.php\/author\/tanja\/\">Tanja Lanners<\/a> on 30. September 2018<\/div>\t\t<p class=\"post-excerpt\"><p>Fit by Nature 2018\/19 Den neien Depliant vun den Chantiers Nature &#8211; Fit by Nature vun natur &amp; \u00ebmwelt ass do. Kuckt iech en un, et s\u00ebnn vill flott Aktivit\u00e9iten dran.<\/p>\n<\/p>          \t<\/div>\n<\/div>\n<\/li>\n<li class=\"grid-item col-md-4 col-sm-6 post format-standard\"><div class=\"grid-item-inner\">\n\t<div class=\"grid-content\">\n\t\t<h3 class=\"post-title\"><a href=\"https:\/\/naturemwelt-nordstad.lu\/index.php\/2018\/09\/30\/newsletter-harespelen\/\">Newsletter Harespelen<\/a><\/h3>\n\t\t<div class=\"meta-data\">Posted by <a href=\"https:\/\/naturemwelt-nordstad.lu\/index.php\/author\/tanja\/\">Tanja Lanners<\/a> on 30. September 2018<\/div>\t\t<p class=\"post-excerpt\"><p>Natur &amp; emwelt huet een interessanten Newsletter zum Thema Harespelen erausbruecht.<\/p>\n<\/p>          \t<\/div>\n<\/div>\n<\/li>\n<\/ul>\n<\/div>\n<div class=\"pagination\">\n<ul class=\"pagination\"><li><a href=\"https:\/\/naturemwelt-nordstad.lu\/index.php\/wp-json\/wp\/v2\/pages\/1176\/\" title=\"First\"><i class=\"fa fa-chevron-left\"><\/i><\/a><\/li><li class=\"active\"><span>1<\/span><\/li><li><a href='https:\/\/naturemwelt-nordstad.lu\/index.php\/wp-json\/wp\/v2\/pages\/1176\/page\/2\/' class=\"\">2<\/a><\/li><li><a href=\"https:\/\/naturemwelt-nordstad.lu\/index.php\/wp-json\/wp\/v2\/pages\/1176\/page\/2\/\" title=\"Last\"><i class=\"fa fa-chevron-right\"><\/i><\/a><\/li><\/ul>                            <\/div>\n<\/div><\/div><\/div><\/div><\/div><\/div>","protected":false},"excerpt":{"rendered":"","protected":false},"author":1,"featured_media":0,"parent":0,"menu_order":0,"comment_status":"closed","ping_status":"closed","template":"","meta":{"footnotes":""},"class_list":["post-1176","page","type-page","status-publish","hentry"],"_links":{"self":[{"href":"https:\/\/naturemwelt-nordstad.lu\/index.php\/wp-json\/wp\/v2\/pages\/1176","targetHints":{"allow":["GET"]}}],"collection":[{"href":"https:\/\/naturemwelt-nordstad.lu\/index.php\/wp-json\/wp\/v2\/pages"}],"about":[{"href":"https:\/\/naturemwelt-nordstad.lu\/index.php\/wp-json\/wp\/v2\/types\/page"}],"author":[{"embeddable":true,"href":"https:\/\/naturemwelt-nordstad.lu\/index.php\/wp-json\/wp\/v2\/users\/1"}],"replies":[{"embeddable":true,"href":"https:\/\/naturemwelt-nordstad.lu\/index.php\/wp-json\/wp\/v2\/comments?post=1176"}],"version-history":[{"count":7,"href":"https:\/\/naturemwelt-nordstad.lu\/index.php\/wp-json\/wp\/v2\/pages\/1176\/revisions"}],"predecessor-version":[{"id":3902,"href":"https:\/\/naturemwelt-nordstad.lu\/index.php\/wp-json\/wp\/v2\/pages\/1176\/revisions\/3902"}],"wp:attachment":[{"href":"https:\/\/naturemwelt-nordstad.lu\/index.php\/wp-json\/wp\/v2\/media?parent=1176"}],"curies":[{"name":"wp","href":"https:\/\/api.w.org\/{rel}","templated":true}]}}